 -9*a + 160. Calculate y(18).
-2
Let o(b) = 2*b**2 - 47*b - 23. Determine o(24).
1
Let j(y) = 8*y**3 - y**2 - 8*y - 7. What is j(-1)?
-8
Let k(b) = b**3 - b + 15. Give k(0).
15
Let t(n) = 11*n**3 + n**2 - 1. Determine t(1).
11
Let l(p) = -12*p. Determine l(-3).
36
Let w(x) = -x**2 + 8*x + 11. Calculate w(10).
-9
Let q(l) = -l + 20. Give q(7).
13
Let x(r) = r**3 - 22*r**2 - 21*r - 18. What is x(23)?
28
Let h(y) = -y**3 - 4*y**2 - 4*y + 3. Determine h(-5).
48
Let v(f) = -f**2 + 7*f + 400. Give v(-17).
-8
Let q(k) = -5*k - 89. Calculate q(-22).
21
Let m(v) = 6*v**2 - 129*v - 70. Calculate m(22).
-4
Let s(g) = g**2 + 11*g - 37. Calculate s(-13).
-11
Let y(f) = -25*f - 92. What is y(-4)?
8
Let f(c) = -c + 4. What is f(9)?
-5
Let b(x) = 3*x**2 - 10*x - 6. What is b(5)?
19
Let r(x) = x - 11. Calculate r(10).
-1
Let z(j) = -j**2 - 2*j + 1. Calculate z(1).
-2
Let j(k) = -2*k**2 - 4*k + 5. Give j(-3).
-1
Let d(g) = g**2 + 7*g + 26. Determine d(-12).
86
Let k(a) = a**3 + 13*a**2 - 3*a - 41. Calculate k(-13).
-2
Let h(j) = -47*j**2 - 3*j - 2. Determine h(-1).
-46
Let t(r) = r - 6. Determine t(-3).
-9
Let d(g) = -g**3 - 11*g**2 + g + 2. Calculate d(-11).
-9
Let w(z) = -z**2 + 33*z - 113. What is w(29)?
3
Let p(d) = d**3 + 19*d**2 + 15*d - 37. What is p(-18)?
17
Let d(m) = 8*m + 16. What is d(-2)?
0
Let t(a) = a**2 - 20*a - 18. Give t(15).
-93
Let a(r) = -r**3 + 7*r**2 - 6*r + 2. What is a(4)?
26
Let j(a) = a**2 - 25*a + 6. Determine j(25).
6
Let j(c) = 19*c + 7. Determine j(0).
7
Let o(r) = -r**2 - 4*r - 3. Give o(-10).
-63
Let u(h) = -4*h**3 + 51*h**2 + 12*h + 6. Determine u(13).
-7
Let m(w) = -w**3 - 7*w**2 + w - 3. What is m(-7)?
-10
Let q(k) = 2*k + 10. Give q(-5).
0
Let r(k) = -k**3 - 16*k**2 - 29*k - 17. Determine r(-14).
-3
Let o(v) = -v + 2. Determine o(-9).
11
Let d(h) = h**3 - h**2 - 2*h - 4. Determine d(3).
8
Let l(p) = -7*p + 103. Calculate l(15).
-2
Let d(a) = a**2 - 29*a + 42. Determine d(28).
14
Let w(c) = -c + 6. What is w(5)?
1
Let x(a) = a**2 - 16*a + 14. Determine x(10).
-46
Let t(l) = -l**2 - 5*l + 38. Calculate t(-10).
-12
Let h(b) = -b**3 + 2*b**2 + 13*b + 12. Determine h(5).
2
Let y(q) = q**3 - 10*q**2 - 12*q - 10. Calculate y(11).
-21
Let u(f) = f**2 - f - 4. Determine u(0).
-4
Let q(p) = -2*p + 2. What is q(5)?
-8
Let k(v) = -v**3 - v - 3. What is k(0)?
-3
Let y(s) = s**2 - 17*s + 50. Determine y(8).
-22
Let h(f) = 81*f - 67. Determine h(1).
14
Let u(n) = -7*n**2 + 5*n + 7. What is u(-3)?
-71
Let o(a) = a**3 - 4*a**2 - 3*a - 17. Determine o(5).
-7
Let h(a) = -a**3 - 7*a**2 + a + 7. Calculate h(-7).
0
Let n(v) = v**3 + 8*v**2 + 3. Give n(-8).
3
Let k(q) = q**2 + 4*q + 8. Determine k(-2).
4
Let j(k) = k**3 - k + 17. Calculate j(0).
17
Let n(k) = k**3 - 2*k**2 + 2. Give n(3).
11
Let t(d) = -d**2 + 9*d + 3. What is t(7)?
17
Let x(o) = 5*o + 1. Determine x(-5).
-24
Let o(v) = -v**2 + 7*v + 15. What is o(9)?
-3
Let n(v) = -v**2 - 9*v - 1. What is n(-8)?
7
Let y(m) = 6*m + 8. What is y(-4)?
-16
Let i(k) = -k**3 + 14*k**2 - 41*k + 93. Give i(11).
5
Let l(r) = -r**3 + 9*r**2 + r - 13. Calculate l(9).
-4
Let n(f) = -f**3 + 9*f**2 - 9*f + 83. Determine n(9).
2
Let b(d) = -10*d**2 - 4*d + 2. Determine b(-3).
-76
Let x(g) = g**3 - 3*g + 1. What is x(-2)?
-1
Let l(a) = a**2 + 10*a - 11. What is l(-9)?
-20
Let m(d) = -d + 37. Determine m(19).
18
Let k(p) = -p**3 - 25*p**2 + 24*p - 59. Give k(-26).
-7
Let v(i) = 51*i - 406. Determine v(8).
2
Let d(z) = 72*z**3 - 2*z**2 + 1. What is d(-1)?
-73
Let f(i) = 2*i - 13. Give f(3).
-7
Let z(n) = -6*n**3 - n**2 - n - 1. Calculate z(-1).
5
Let l(j) = j**3 + 2*j**2 - 4*j - 5. Determine l(-4).
-21
Let a(i) = 2*i**2 - 2*i + 2. Determine a(1).
2
Let z(d) = -d**3 + 4*d**2 - d - 9. What is z(0)?
-9
Let z(a) = -8*a**3 - 3*a**2 - a + 2. Give z(-1).
8
Let n(x) = 3*x**2 + x - 2. Determine n(2).
12
Let s(p) = 3*p - 22. Give s(3).
-13
Let z(q) = 34*q + 234. Calculate z(-7).
-4
Let c(u) = u**2 + 6*u + 9. Calculate c(-6).
9
Let s(j) = 17*j + 217. Calculate s(-13).
-4
Let v(l) = 2*l**3 + 7*l**2 - 3*l. Calculate v(-4).
-4
Let x(r) = r**2 + 17*r + 22. Calculate x(-15).
-8
Let h(o) = 36*o**3 + 2*o**2 - 1. Determine h(1).
37
Let z(t) = 9*t - 1. Give z(3).
26
Let r(f) = -f**3 + 10*f**2 + 11*f - 13. Give r(11).
-13
Let s(a) = -5*a + 13. Give s(8).
-27
Let k(b) = b**2 + 3*b - 15. Determine k(-9).
39
Let g(p) = p**3 - 12*p**2 - 14*p + 8. What is g(13)?
-5
Let x(w) = w - 19. Calculate x(11).
-8
Let l(a) = -10*a**3 + 2*a**2 + 2*a + 1. Give l(-2).
85
Let j(l) = l**3 + 16*l**2 - 2*l - 9. Calculate j(-16).
23
Let k(x) = 8*x + 60. Give k(-7).
4
Let h(a) = -3*a**3 + 4*a - 3. Determine h(1).
-2
Let u(f) = f + 9. What is u(-10)?
-1
Let z(y) = y**2 + 9*y - 15. Give z(-11).
7
Let l(f) = f**3 - 19*f**2 + 3*f - 10. Give l(19).
47
Let a(k) = -k + 5. What is a(3)?
2
Let u(y) = 12*y**2 - 9*y + 21. Give u(2).
51
Let o(q) = -13*q + 7. Determine o(-5).
72
Let i(k) = 8*k. What is i(1)?
8
Let o(l) = -l**2 + 2*l + 1. Give o(-6).
-47
Let o(w) = -w**2 + 32*w - 116. What is o(28)?
-4
Let j(g) = -g**3 - 2*g**2 - g - 3. Determine j(-3).
9
Let w(p) = -p**2 + 29*p - 44. What is w(27)?
10
Let u(c) = 2*c - 6. Determine u(4).
2
Let f(o) = 26*o**3 - 2*o**2 + 2*o + 2. Calculate f(-1).
-28
Let m(b) = b**2 - 2*b - 8. Give m(3).
-5
Let x(k) = k**2 + 22*k - 4. Determine x(0).
-4
Let m(n) = 3*n**2 + 5. Calculate m(-6).
113
Let y(l) = -l + 18. Determine y(13).
5
Let w(v) = -2*v**2 - 4*v + 5. Give w(-4).
-11
Let g(k) = k + 8. What is g(6)?
14
Let v(o) = o**3 - 5*o**2 + 4*o - 11. Determine v(5).
9
Let y(c) = -c**2 - 59*c - 115. Calculate y(-57).
-1
Let k(d) = -6*d + 186. Give k(32).
-6
Let d(c) = -2*c + 18. Calculate d(8).
2
Let n(w) = 4*w - 6. What is n(4)?
10
Let l(v) = -v**3 - 17*v**2 + 10*v + 27. Give l(-18).
171
Let a(j) = -j**3 - 12*j**2 - 5*j + 72. Determine a(-11).
6
Let r(z) = z**2 - 6*z + 18. What is r(10)?
58
Let j(v) = -4*v + 19. Determine j(6).
-5
Let a(h) = h**3 - 4*h**2 - h + 3. What is a(4)?
-1
Let i(r) = r**2 - 10*r - 38. Calculate i(13).
1
Let u(s) = -s**2 - 30*s + 357. Determine u(9).
6
Let s(u) = -u**2 - 19*u + 24. What is s(-15)?
84
Let h(q) = q**3 + 9*q**2 - 2. Determine h(-9).
-2
Let k(y) = -y**3 - 4*y**2 + 7*y + 2. Give k(-5).
-8
Let t(n) = n + 33. What is t(-2)?
31
Let d(h) = h**3 + 14*h**2 + 27*h + 30. Give d(-12).
-6
Let v(h) = -2*h + 58. Determine v(30).
-2
Let h(b) = b**2 - 2*b + 2. What is h(4)?
10
Let y(b) = 11*b + 179. Determine y(-15).
14
Let y(a) = a**2 + 8*a - 61. Give y(0).
-61
Let m(c) = -3*c + 4. What is m(6)?
-14
Let z(q) = -q**3 - 8*q**2 - 14*q - 6. Give z(-6).
6
Let w(y) = y**3 + 16*y**2 - y - 23. Determine w(-16).
-7
Let w(f) = 5*f**2 - 12*f + 5. Give w(3).
14
Let z(j) = j**3 - 3*j**2 - 4*j - 3. Determine z(4).
-3
Let b(k) = -3*k - 23. Give b(-8).
1
Let a(i) = i**3 - 6*i**2 - i + 16. Give a(6).
10
Let b(g) = -g**2 + 12*g + 10. Determine b(11).
21
Let m(b) = -b**2 - 12*b + 67. Give m(-16).
3
Let q(n) = 10*n - 5. Give q(-5).
-55
Let r(p) = -11*p + 2. Determine r(0).
2
Let f(v) = v**3 + 4*v**2 - 6*v + 1. What is f(-5)?
6
Let t(f) = -5*f - 7. What is t(-1)?
-2
Let y(k) = k**3 + 12*k**2 + k + 18. What is y(-12)?
6
Let f(a) = a. Calculate f(2).
2
Let k(m) = m**2 - 2*m + 1. Give k(5).
16
Let f(t) = 2*t**3 - 6*t**2 + 6. Give f(3).
6
Let j(z) = 29*z**3 + 2*z**2 - z. Determine j(1).
30
Let u(m) = -3*m**3 + 2*m**2 + 2*m + 1. Give u(-1).
4
Let m(i) = 7*i + 108. Calculate m(-13).
17
Let n(p) = -5*p. Determine n(-5).
25
Let j(a) = 4*a - 8. Determine j(4).
8
Let p(f) = -45*f + 6. Calculate p(1).
-39
Let i(h) = -h**3 - 7*h**2 + 2*h - 2. Determine i(-6).
-50
Let i(r) = r**2 + 2*r - 9. What is i(-5)?
6
Let n(m) = -9*m**3 - 7*m**2 + 7*m. Calculate n(1).
-9
Let y(i) = -i**3 - 7*i**2 + 12*i + 5. Give y(-8).
-27
Let v(a) = -a**2 - 6*a + 13. Give v(-8).
-3
Let y(j) = 2*j - 1. Determine y(1).
1
Let f(w) = 4*w + 2. Give f(-1).
-2
Let n(m) = -2*m + 1. Determine n(-1).
3
Let f(p) = -p**3 + 8*p**2 - p + 5. What is f(8)?
-3
Let z(j) = -5*j + 35. Give z(-4).
55
Let n(g) = -2*g**3 + 4*g**2 - 2*g - 2. What is n(2)?
-6
Let r(d) = 11*d**3 + 2*d - 2. Give r(1).
11
Let d(j) = 5*j**2 + 28*j + 8. What is d(-6)?
20
Let s(y) = -y - 21. Calculate s(0).
-21
Let t(h) = -h**2 + h - 2. Determine t(4).
-14
Let t(f) = f**2 - 7*f - 22. What is t(8)?
-14
Let a(r) = r**2 + 